).
-8
Let m(c) be the first derivative of -4/3*c**3 - 16 + 0*c + 1/2*c**2 - 1/4*c**4. Let x = -3 - 1. Determine m(x).
-4
Let i = -12 + 13. Suppose -4*m + s = -3, -2*s + 0*s = -m - i. Let f(c) = m - 7*c + 5*c - c. Calculate f(1).
-2
Let h(s) = -2*s**3 - 2*s**2 - 2*s - 1. Suppose -3*b = -0 - 15. Let f be -4*b*20/(-50). Suppose 2*k - 6*k - f = 0. Calculate h(k).
11
Let j = -7 - -6. Let y be (1 - 9) + (1 - j). Let t be y/(-8)*(0 + -8). Let b(h) = h**2 + 7*h - 7. Calculate b(t).
-13
Let b(a) be the third derivative of -a**4/24 - 7*a**3/6 - 2*a**2. Let i(v) = v**2 + 2. Let x be i(-2). Determine b(x).
-13
Let s(q) = q**2 + q - 3. Let l be s(0). Let i(d) be the second derivative of -1/3*d**4 - 1/2*d**3 - 12*d + 0 - 1/20*d**5 - d**2. Calculate i(l).
-2
Let z be (-1 - (-3 - -2)) + 1. Let w be 4/16*-2 + 190/4. Let s(d) = 1 - 23*d - 26*d + w*d - 13*d. Determine s(z).
-14
Let v(k) = k**2 - k - 1. Let a(r) = -4*r**2 + 2*r - 1. Let h(d) = a(d) + 3*v(d). Let q(t) = -2*t**2 - 2*t - 9. Let n(x) = -5*h(x) + 2*q(x). Calculate n(3).
14
Suppose -2*m + 5*m + 9 = 2*j, -12 = 4*m - 4*j. Let n(y) be the second derivative of -y**5/10 - y**4/3 + y**3/6 + y**2/2 - 47*y. Calculate n(m).
16
Suppose 0 = -5*o + 73 - 13. Suppose w = -0*w - 4*p + o, 4*w - 20 = -2*p. Let a(c) = 0*c**3 - 3*c**2 + c**3 - 2*c + 5 - c**2. Give a(w).
-3
Let t(v) be the third derivative of 0 - 1/3*v**3 - 1/6*v**4 + 0*v - 18*v**2 - 1/60*v**5. Determine t(-4).
-2
Let r(y) = 5*y**3 - 12*y**2 + 11*y - 20. Let b(u) = -14*u**3 + 35*u**2 - 32*u + 58. Let f(t) = -6*b(t) - 17*r(t). Give f(-7).
6
Suppose -49*u - 83*u = -528. Let v(l) be the second derivative of -1/12*l**u - 1/10*l**5 + 0 - 13*l - 1/2*l**2 + 1/3*l**3. Give v(-2).
7
Let n(c) = -c**2 + 41*c - 329. Let w be n(30). Let p(y) = 9*y**2 - 4*y + 1. Determine p(w).
6
Let b be ((-22)/(-60) - 12/(-90))*6. Let p(f) be the third derivative of -f**6/120 + f**5/30 - f**4/8 + f**3/6 + 27*f**2. What is p(b)?
-17
Let f = 3 + -4. Suppose -5*l - 10 = -0*l. Let n(m) = 6*m**2 + 2*m + 3. Let u(c) = -c**2 - 1. Let v(z) = l*u(z) - n(z). Determine v(f).
-3
Let p(q) be the second derivative of 1/6*q**4 + 16*q + 1/2*q**2 + 1/6*q**3 + 0. Suppose 0 = 4*x - 0*x + 8. Calculate p(x).
7
Let m(b) = 4 + b - 3 + 5. Let a(c) = 2*c + 6. Let k(d) = 3*a(d) - 4*m(d). Let h = -130 + 134. What is k(h)?
2
Let a(b) = b - 6. Let u be a(0). Let n(p) = -32*p**3 - 3 + 8*p + 33*p**3 - 2 + 12 + 7*p**2. What is n(u)?
-5
Let o = 1146 + -3436/3. Let w(k) be the second derivative of -o*k**4 - 2*k**2 + 0 + 1/6*k**3 - 9*k + 1/20*k**5. Calculate w(8).
4
Let r = 1116 - 1119. Let b(t) = 7*t - 1. Determine b(r).
-22
Let t be 2*3/6*7. Let h(z) be the second derivative of -z**5/20 + 7*z**4/12 + z**3/3 - 5*z**2 + 3*z - 8. Determine h(t).
4
Let j(l) = 98*l + 1 + 100*l - 192*l. Give j(2).
13
Let d(s) = 57 - 2*s**3 - 46 + 16*s**2 + s**3 + 2*s - 18*s. What is d(15)?
-4
Suppose 34*y = -83 + 49. Let w(p) = 23*p**3 - 2*p - 1. Determine w(y).
-22
Let a = -6 - -2. Let g be (a/(-6))/(8/36). Let s = 0 + g. Let h(l) = -l + 4. Determine h(s).
1
Let j(a) = -a + 1. Let r(c) = -7 - 1 - 2*c + 0*c - c**2 - 2*c. Let f(q) = 3*j(q) + r(q). Calculate f(-7).
-5
Let l(c) be the third derivative of -c**6/120 - c**5/12 - c**4/12 + 2*c**2. Let b(p) = -4*p + 53. Let y be b(14). Determine l(y).
-12
Let k be (-2)/(-3)*15/(-10). Let z(g) = -g + 450*g**3 - 238*g**3 - 228*g**3. What is z(k)?
17
Let c(n) = -n**2 + 2*n + 7. Suppose 35 - 20 = -y. Let z be (213/90 - 2/y)*2. Calculate c(z).
-8
Let j(a) be the first derivative of -3*a**5/5 - a**4/6 - a**3/6 - 20*a + 12. Let d(s) be the first derivative of j(s). Give d(-1).
11
Let i be (-35)/4 - 1/4. Let a = i - -11. Let f(y) = 0*y - 7 + a*y + 6 + 2. What is f(1)?
3
Let x(t) = -3*t**2 + 4*t - 3. Let y = 3 + -5. Let g(c) = -10*c**2 + 11*c - 8. Let q(o) = y*g(o) + 7*x(o). Let z be 2/9 + (115/9 - 9). Determine q(z).
3
Let v = 4 - 0. Suppose 2*d - d = v. Let n be 2/(-4)*d/2. Let h(y) = 10*y**2 + y + 1. Calculate h(n).
10
Let u = -19 + 21. Let w(s) = s**3 - 5 + 0*s**3 - 8*s + 11*s**u - 7*s**2. Calculate w(-5).
10
Let l(y) = 2*y**3 + 74*y**2 - 3*y - 119. Let g be l(-37). Let p(s) = -4*s - 22. What is p(g)?
10
Suppose -m + 5*h - 1 + 24 = 0, -m + 7 = -h. Let d(s) = 3*s**2 + m*s**3 + 3*s - 180 + 180. Let c = -2 + 0. Calculate d(c).
-18
Suppose 17*v = 13*v - 4*k - 4, 3*v - 2*k = 7. Let i(m) = -10*m**2 + m - 1. What is i(v)?
-10
Let x be (3/4)/((-7)/(-28)). Let g be 8/20 + 26/10. Let m(f) = -f**3 + 3 + g*f + 1 + f**2 - 6*f + 2*f**2. Give m(x).
-5
Let v(n) be the second derivative of 4*n**3/3 + 7*n**2/2 - 2*n. Let y(k) = -4*k - 3. Let f(g) = -2*v(g) - 5*y(g). Let s = -1 + 2. Calculate f(s).
5
Let g(u) = u**2 + 2*u - 9. Let b be g(-5). Let w(r) = -1 + b*r - 22*r**2 + 24*r**2 + 2. Determine w(-4).
9
Suppose 0 = -2*p + 9*p - 42. Let x(w) = w**2 - w - 8. Give x(p).
22
Suppose -4*z + 28 = 2*f, -f - 5*z = f - 32. Suppose 10 = -f*r - 32. Let j(u) = 7*u + 20. Let a(v) = 3*v + 10. Let o(c) = -5*a(c) + 2*j(c). Determine o(r).
-3
Let d(i) = 4*i + 16 - 35 + 21. Let n(w) = w - 7. Let s be n(3). Let y be 2/3*(-2 + s). What is d(y)?
-14
Let z(v) = 4*v**2 - 8*v + 6. Let h(o) = 5*o**2 - 7*o + 5. Suppose 7 = 5*b - q + 21, -3*b - 14 = 5*q. Let w(u) = b*h(u) + 4*z(u). Give w(9).
-9
Let h(q) = -2*q - 8. Suppose 4*r - 26 - 94 = 0. Suppose -2*o + r = -4*n, -3*o = -5*o - 2. Give h(n).
8
Let x(d) be the first derivative of -5*d**2/2 + 2*d + 4. Let r = -13 + 26. Let t = 16 - r. Determine x(t).
-13
Let w be ((-4)/(-1) + -4)/((-2)/(-2)). Let j(x) = -x**2 - 17 + 19 + 2*x - 2*x. Give j(w).
2
Let t(p) be the third derivative of -p**6/360 - p**5/40 + p**4/6 + p**3 - 5*p**2. Let u(a) be the first derivative of t(a). Determine u(-4).
0
Let a(b) be the third derivative of -1/6*b**3 + 1/60*b**5 + 0*b + 1/30*b**6 - 1/24*b**4 + 0 - 27*b**2. Give a(-1).
-3
Let k = -2321 + 2325. Let n(l) = 3*l - 11. Determine n(k).
1
Let r(u) = 6*u**2 + u + 1. Let w be r(-1). Let f(n) be the first derivative of w*n**2 - 3*n + n + 3 - 4*n**2 - 5*n. What is f(5)?
13
Suppose -2*d + 8*d + 168 = 0. Let t = 30 + d. Let f(n) be the third derivative of -n**5/60 + n**4/24 + n**3/6 + n**2. Calculate f(t).
-1
Let f(m) = -7 + 28 + 5*m**2 - 11 - 9. Suppose -2*u - 3*d - 13 = 0, 5*u - d - 2 - 8 = 0. Calculate f(u).
6
Let x(r) = -18*r**2 - r - 1. Let h(u) = 13*u - 131. Let c be h(10). Give x(c).
-18
Suppose -2*t + 3*p + 18 = 0, 4*p + 16 = -0*p. Let k(b) = -2 + t*b + 2*b + 14*b**2 - 23*b**2 + 10*b**2. Calculate k(-4).
-6
Let g(y) = y**2 + 11*y + 14. Let b(m) = m**2 + 17*m - 10. Let s be b(-17). Determine g(s).
4
Suppose -9*q + 2 = -16. Let w(d) = d**3 + d**2 - 2*d - 1. Calculate w(q).
7
Let y(m) = -m**2 - 3*m + 5. Let j be 2/7 + ((-550)/(-7))/5. Let d be 7/(28/j) - 10. Give y(d).
-13
Suppose 0 = q + 4*q - 10. Let o(p) = 75 - 2*p + 70 - 211 + 67 + 2*p**2. Give o(q).
5
Suppose -26*v = -113 + 9. Let z(r) = -r**2 + 3*r + 1. Give z(v).
-3
Let b be 6*-2*(-14)/8. Suppose 14*i - b = 11*i. Let x(z) = -z - 1. What is x(i)?
-8
Suppose 5*s + 4 - 54 = 0. Suppose 0 = -4*o + 2*x + s, 0*x + 10 = 3*o - 2*x. Let m(u) = 3*u**2 - u - 1 + u**2 - 1 - 5*u**2. Calculate m(o).
-2
Let n be 3 + 0 - 3 - 0. Let g be (n - 12/(-10))*-5. Let o(a) = a**3 + 5*a**2 - 5*a - 2. Determine o(g).
-8
Let n(w) = -w - 5. Let d be ((-4)/(-12)*-3)/((-1)/11). Suppose 0 = d*k - 17*k - 36. Calculate n(k).
1
Let x(h) = h**2 + 3*h - 3. Let s(i) = -3*i. Let u be s(-2). Let j be 30/(-210) - (15/(-7) - 1). Suppose j*k - u = 4*k. What is x(k)?
15
Let f = 5 + -4. Let c be (f - 2)/((-6)/(-18)). Let q(m) = -m**2 - m + 7. Let v(w) = -w**2 + 2*w + 16. Let r(s) = 2*q(s) - v(s). Calculate r(c).
1
Let h(l) = l**2 + 5*l - 2. Let i be h(-4). Let o(n) = 3 - 2*n - 6 - 4*n + 5*n. Calculate o(i).
3
Let g be 5*(4 + (-72)/20). Let s(h) = -20*h**2 + 19*h**g - 6 + h + 2. What is s(3)?
-10
Let v(z) = 11 + 9*z - 4*z - 12 - 3*z**2 - 4 - 1. Determine v(3).
-18
Let i(z) = z**3 + 4*z**2 + 3*z + 1. Let t be (0 - -1 - 104)/(-1). Suppose -w = -3*b - 11, 0 = -5*w - 0*w - b + t. Suppose -6*l - w = -l. Give i(l).
-11
Let u = 303 - 303. Let p(q) = -2*q**2 + 2*q - 4. Let j = 2 - -3. Let b(s) = s**2 - s + 2. Let y(w) = j*b(w) + 2*p(w). Give y(u).
2
Let u(p) = p**3 - p**2 - 7*p - 5. Let f be u(-2). Let n(c) = -2*c**2 + 4*c - 1. Let x(i) = i**2 - 4*i + 2. Let o(j) = 